 = -7*c. Suppose j = -3, 3*j + c = w + 2*j. Calculate the greatest common factor of w and 26.
13
Suppose -4*n + 5*u = -313, 2*n = -0*n + 2*u + 154. Suppose 0 = n*r - 69*r - 9. Calculate the highest common factor of r and 51.
3
Let r(z) = 15*z + 13. Let y be r(-2). Let n be (-15 + 23)*y/(-2). Calculate the highest common factor of n and 34.
34
Let i(h) = -7*h + 2. Let o(p) = -8*p + 3. Let n(a) = 5*i(a) - 4*o(a). Let x be n(-1). Calculate the highest common divisor of 1 and x.
1
Let h be ((-16)/(-3))/(4/54). Let k be 7 + 27 + (-4 - -2)*-1. What is the highest common divisor of k and h?
36
Let s(l) = l**3 - 13*l**2 + l - 9. Let n be s(13). What is the highest common divisor of 64 and n?
4
Let a(r) = 2*r**2 + 2*r. Let j be a(-3). Let z be (-20)/(-14)*(-714)/(-17). What is the greatest common factor of j and z?
12
Let x be (-1)/6 - 2373/18. Let t = x + 330. Let s be 3*6 - 0/(-5). What is the greatest common factor of t and s?
18
Let b(v) = -2 + 5*v**2 + 11*v + 3 - v**3 - 15*v**2. Let t be b(-11). Suppose t = 6*a - 17. What is the highest common factor of 24 and a?
3
Let y = 91 + -67. Let b be (10*1)/(y/12). What is the highest common factor of 5 and b?
5
Let f be 117/6*(-4)/(-3). Suppose -2 = 4*i - 22. Suppose -2*n + i*p + 57 = 0, 5*p - 16 - 5 = -n. What is the greatest common divisor of n and f?
26
Suppose -552 = -38*r + 34*r. What is the highest common factor of 12 and r?
6
Let p = 409 + -367. What is the greatest common factor of 672 and p?
42
Let f be (-6)/(-14) + (-2116)/(-322). What is the greatest common divisor of f and 329?
7
Let w be 748 - 1 - 288/96. Calculate the greatest common factor of 24 and w.
24
Let y be 1 + (-22)/(-4 + 2). Suppose y - 2 = 2*z. What is the greatest common divisor of z and 5?
5
Let j(a) = a + 25. Let g be j(-25). Suppose 46 + 2 = p + 5*c, -4*p - 2*c + 120 = g. Calculate the greatest common divisor of p and 56.
28
Let c(m) = m**3 - 18*m**2 - 40*m + 20. Let b be c(20). What is the highest common factor of 380 and b?
20
Suppose y - 12 = 4*x + 3, -9 = y + 4*x. Suppose -3*j = -2*z - 37, -3*j = 4*z - 10 + y. Let h = 2811 + -2793. Calculate the greatest common divisor of h and j.
9
Let i(u) = 10*u**3 - u**2 + 2*u - 1. Let n be i(1). Let l(m) = m**2 - 4*m - 44. Let c be l(n). Calculate the greatest common factor of 8 and c.
8
Suppose -2*h = 3*u + 2*u - 30, 0 = 4*h + 3*u - 60. Calculate the greatest common divisor of 10 and h.
5
Suppose 1 = -4*d - 3, -82 = -k + 3*d. Suppose 4*o = 3*i - k, 4*i - 2*o = 2*o + 104. Calculate the greatest common factor of i and 200.
25
Suppose -3*m + 2*o + 55 = 0, 10*o = -4*m + 7*o + 45. Calculate the highest common divisor of m and 60.
15
Let h(n) = n**3 - 3*n**2 + 4*n + 10. Let m be h(5). Let u be (32/3)/(32/48). What is the greatest common factor of m and u?
16
Let h be (-19)/(-3) + (-2)/6. Suppose 0 = -218*b + 212*b + 36. Calculate the greatest common divisor of h and b.
6
Suppose -t + 25 = y + 3*t, 3*y - 4*t = -5. Suppose -y*r + 19 = -16. Let m = -5848 - -5855. What is the highest common factor of r and m?
7
Let b = 13 + -23. Let v = b + 13. Suppose 0 = o + v*o - 140. Calculate the highest common divisor of 14 and o.
7
Let m = 17 + -13. Suppose -m*f - 4*o + 40 = o, 2*o = 8. Suppose 0 = p - i + 3*i - 80, 0 = -p + f*i + 45. What is the highest common factor of 10 and p?
10
Suppose -4*m + 5*g + 69 = 0, 5*m - 83 = 2*g + g. Let s be (4/(-6))/(-7 + 3866/552). Let x = 216 + s. What is the greatest common divisor of x and m?
16
Let h(c) = 2*c**3 + 66*c**2 - 74*c - 138. Let d be h(-34). Let o(r) = 88*r. Let q be o(2). Let l = q - d. What is the greatest common divisor of 11 and l?
11
Suppose 33*k - 31*k = 22. Suppose -2*b - 2 = -4*u, b - 4*b + k = u. What is the highest common divisor of b and 2?
1
Suppose 5600 = 22*g + 13*g. Calculate the highest common factor of 48 and g.
16
Let a be 58*((-44)/(-24) - 1/3). Calculate the greatest common factor of a and 3.
3
Let k(a) = -a**2 + 10*a - 6. Let x be k(10). Let i be ((-52)/(-6))/(x/(-9)). What is the highest common divisor of i and 143?
13
Suppose -6*v + 168 = -42. Let d = -4 + 11. Calculate the highest common factor of v and d.
7
Let a be (3/2)/(3/136). Calculate the highest common factor of 34 and a.
34
Suppose -15*w + 20*w - 1305 = 0. Calculate the greatest common divisor of w and 9.
9
Suppose 5*d = 8*d - 9. Suppose 4*i - 28 = 4*v, 18 = d*i - 0*v - 2*v. Let s = 13 + i. What is the greatest common divisor of s and 119?
17
Let o(v) = v**3 + 7*v**2 - 4. Let g be o(-3). What is the highest common divisor of g and 12?
4
Let w(t) = 11*t**2 - t. Let q be w(2). Let i(m) = 108*m - 188. Let z be i(2). Calculate the highest common divisor of z and q.
14
Let b = -975 - -1063. What is the highest common divisor of b and 110?
22
Suppose 4*n - 8 = -2*f, 5*f + 3*n - 6*n - 20 = 0. Suppose f*j - 8*j + 68 = 0. Calculate the highest common divisor of j and 17.
17
Let p = -469 - -489. What is the highest common factor of 920 and p?
20
Let n(q) = -2*q**3 + 22*q + 57. Let d be n(-3). Let v = 26 - 17. Calculate the greatest common factor of d and v.
9
Suppose -o = -6*o + 35. Let d = 14 - o. Let q = -18838 + 18873. Calculate the greatest common factor of q and d.
7
Suppose -23*w + 4*w + 4674 = 0. Calculate the greatest common divisor of 164 and w.
82
Let z be (12/8)/(2/28). What is the highest common factor of z and 56?
7
Let c be 2007/36 + (-3)/(-12). What is the highest common factor of 448 and c?
56
Let o(s) = -s + 1. Let i be o(-3). Let d be 4 - (-2 - (-5 + i)). Suppose -86 = d*w - 406. What is the highest common factor of 16 and w?
16
Let f be -6 + (11 - 1) - 10 - -106. Let n = 95 + -45. What is the highest common factor of f and n?
50
Let a be (924/(-15))/(-4) - 8/20. Calculate the highest common divisor of a and 60.
15
Let y = -2 + 177. What is the highest common factor of 75 and y?
25
Suppose -2640 = -9*a - 777. Calculate the greatest common factor of 23 and a.
23
Let r = 12 - 6. Let l be (-2)/14 - (281/(-7) - 2). What is the greatest common factor of r and l?
6
Let f be (-3)/(-6)*-8 - -229. Let q be ((-30)/1)/(1/(-2)). Suppose -o + q = 4*b, -4*b = -4*o - 5*b + f. Calculate the greatest common divisor of o and 14.
14
Suppose -4 = -t - 4*h, 2*t + h - 1 = 3*t. Suppose t*v + 24 = 2*v. Calculate the highest common factor of v and 6.
6
Suppose -2*a + 146 = 2*a - n, 0 = 2*a + 3*n - 66. What is the greatest common divisor of a and 192?
12
Let r(c) = -c. Let n(o) = 16*o + 2. Let w = -4 + 5. Let z(l) = w*n(l) + 4*r(l). Let p be z(1). Calculate the highest common divisor of p and 70.
14
Let j(q) = 3*q**2 + 4*q + 2. Let l be j(-2). Let p be (113/2)/(45/10 - 5). Let b = -89 - p. Calculate the highest common factor of l and b.
6
Let o = -10 - -61. What is the highest common factor of o and 357?
51
Let q = -128 + 128. Suppose q = -3*o + 22 + 23. What is the greatest common divisor of 60 and o?
15
Suppose -4*j - 3*z = -35, 25 = j + 2*z + 2*z. What is the highest common divisor of 8 and j?
1
Let r be 689/65 - (-3 + (-13)/(-5)). Calculate the highest common divisor of 44 and r.
11
Suppose 5*s - 6*v - 40 = -v, 20 = 4*s + 2*v. Suppose 21 = 5*l + s. Calculate the greatest common divisor of l and 3.
3
Let q(z) = -17*z + 19. Let l be q(6). Let c = l - -95. Let m be ((-24)/10)/(2/(-70)). Calculate the greatest common factor of c and m.
12
Let r(i) = -i**2 + 12*i - 9. Let z be r(11). Let n(w) = 5*w**2 + 2*w - 1. Let g be n(z). Calculate the highest common factor of g and 115.
23
Let c(a) = 19*a + 17. Let x be c(7). Suppose -d = -2*i + 25, 0 = 5*i - 5*d + 3*d - 65. Calculate the greatest common divisor of x and i.
15
Suppose 24*f + 1023 = 55*f. Let r = 168 - 36. What is the greatest common divisor of f and r?
33
Let a be (422 - 0) + (-12)/(-6). Suppose -2*r = r + b - 628, -a = -2*r + 2*b. Suppose 0*s + 3*s = r. Calculate the greatest common divisor of s and 14.
14
Let z be ((-9)/3)/(3/(-116)). Let u be (-9)/27 - z/(-6). Let m = 29 - u. Calculate the highest common factor of 90 and m.
10
Suppose 2*k + 4*s + 304 = 2*s, -5*s - 136 = k. Let n = k + 247. Suppose -5*t - 70 = -5*j, -j + 2*t = -2 - 13. What is the greatest common factor of j and n?
13
Let a(m) = 2*m**2 - 11*m + 8. Let d be a(13). Calculate the greatest common factor of d and 87.
29
Suppose -6*j = -10*j - 4. Let r = 15 - j. Calc